d 5.
5
Let n be ((-18)/12)/(2/(-76)). Suppose -z - 2*z = -n. Calculate the highest common divisor of z and 57.
19
Let u(a) = -a + 15. Let y be u(0). What is the highest common divisor of 15 and y?
15
Let l = -4 + 4. Suppose -3*o - 12 = l, 4*o + 19 = 2*z - 57. Let m = -16 + z. What is the greatest common factor of 98 and m?
14
Suppose 0*l = -4*l + 4*s - 8, 0 = -2*s + 8. Suppose -j - a + 33 = 0, -2*j + 68 = l*a - a. What is the greatest common divisor of 7 and j?
7
Suppose 0 = 3*x - 7 - 2. Suppose -8 = -4*g, -x*g + 6*g = -3*o + 45. What is the highest common factor of 91 and o?
13
Let z be -1 + 1 - 2 - -18. Let j be (-63 - 2) + 0/2. Let l be (4/5)/((-26)/j). What is the greatest common factor of l and z?
2
Suppose -p = -11 - 22. What is the greatest common divisor of p and 3?
3
Suppose 3*l - 2*l = 13. Let h(o) = -o**2 + 10*o + 5. Let v be h(7). What is the highest common factor of l and v?
13
Let r(f) = f**3 - 17*f**2 - 12*f - 20. Let p be r(18). Calculate the greatest common factor of p and 22.
22
Let a = -19 - -60. Suppose -2*x = -5*p - a + 16, -3*p = 4*x - 63. What is the greatest common divisor of x and 5?
5
Let m = -8 - -27. Let p = m + -9. Suppose 0 = 3*g - 11 - p. Calculate the greatest common factor of 21 and g.
7
Suppose 3*p + 4*o = -4, -4*p = 5*o - o. Let u(w) = w**3 + 2*w**2 - 2*w. Let z be u(p). Calculate the highest common divisor of 22 and z.
22
Let x(d) = 2*d**3 - 3*d**2 + 9*d - 11. Let j be x(5). What is the highest common factor of j and 19?
19
Let z = 24 - 17. Suppose z = b + 2. Calculate the greatest common factor of b and 5.
5
Let s = 193 + -187. Let z(m) = -3*m - 3. Let o be z(-2). What is the greatest common factor of s and o?
3
Let g be (-15)/(-30) - (-575)/2. What is the greatest common divisor of 32 and g?
32
Suppose -2*l = 2*l - 308. Suppose 0 = 3*p - 14 - 19. Calculate the highest common divisor of p and l.
11
Let q(f) = 2*f**2 - 5*f + 8. Let o be q(-6). Let r = 7 + 3. Calculate the highest common factor of o and r.
10
Let c be ((-24)/(-7))/(1/14). What is the highest common divisor of 6 and c?
6
Let f be (-8)/6*(-675)/18. Let w = 3 - -3. Let d be w/(-2)*(-10)/3. What is the highest common factor of d and f?
10
Suppose -4 = 4*z + j - 16, -z - 2*j = -10. Suppose n = 3*i - 2*i - 25, z*n = 5*i - 128. Let w be 82/6 - 6/9. Calculate the greatest common divisor of i and w.
13
Suppose -2*p - 5*h = -16, 0*p + 32 = 4*p + h. Calculate the highest common divisor of 8 and p.
8
Suppose y - 65 = -5*q, 5*q - 50 = y + 15. Let p = -1 - -8. Let s be 184/p - (-2)/(-7). Calculate the highest common divisor of s and q.
13
Suppose 4*h - 27 - 5 = 0. What is the greatest common factor of 1 and h?
1
Let k = -21 - -18. Let q = 6 + k. What is the highest common divisor of q and 9?
3
Suppose 0 = 4*b - b. Suppose 0 = 3*c + 4*r + 161, -5*c - 2*r + 0*r - 273 = b. Let x = c + 94. Calculate the greatest common divisor of 26 and x.
13
Let m be -1 - 2 - (-82)/2. What is the greatest common divisor of 95 and m?
19
Let a = 34 + -52. Let g = a - -33. Let s = 13 - 7. What is the highest common divisor of g and s?
3
Let n be (-50)/(-18) - 8/(-36). Suppose -5*b - n*l + 305 = l, -2*b = 4*l - 110. What is the greatest common divisor of b and 26?
13
Let r(b) = b**2 - 3*b + 2. Let m be r(2). Suppose 3*x - 83 - 202 = m. Calculate the highest common divisor of x and 38.
19
Let t(q) = -2*q**3 - 3*q**2. Let s be t(-2). Suppose -2 = f - 6*f - s*x, 4*x = -4*f. Let o = 6 + f. What is the highest common divisor of 16 and o?
8
Let j be (-6)/(1/((-2)/3)). Suppose 158 = j*v + 46. Let s be (-47)/(-7) + 4/14. What is the greatest common factor of v and s?
7
Suppose 2*w - 5*a - 31 = 0, 0 = w - a - 3 - 11. Calculate the greatest common divisor of w and 143.
13
Let p be (-3)/(-2)*132/9. Let i = -8 + p. Suppose 0 = -3*d - 2 + i. Calculate the greatest common factor of d and 8.
4
Let r(y) = -y**2 - 10*y - 3. Let u be r(-3). What is the greatest common factor of 30 and u?
6
Let v be (1 - 2)*(7 + -8). Calculate the greatest common divisor of 2 and v.
1
Suppose 23 = 2*d + 3*j, -j - 63 = -2*d + 4*j. Let z = -100 + 31. Let b = z + 126. What is the greatest common divisor of b and d?
19
Suppose -36 + 9 = -3*a. Let d be (-2 - 1) + -2 + 1. Let h be ((-3)/(-2))/((-2)/d). What is the highest common factor of h and a?
3
Let g = -9 - -29. Calculate the greatest common divisor of 8 and g.
4
Let d = -5 - 0. Let c(q) = 2*q + 12. Let f be c(d). Calculate the highest common factor of f and 1.
1
Let g be (12/(-7))/((-1)/7). Let r = 0 + 18. Calculate the greatest common factor of r and g.
6
Let h be (-24)/(-2)*(-1)/(-2). Suppose 0 = -5*x + 25, -h*w + 4*x = -w - 80. What is the highest common divisor of 50 and w?
10
Let s be 0/(-6 - -1) - (-1 - 99). What is the greatest common divisor of s and 50?
50
Let q = -19 + 26. Let u(f) = 4*f - 6. Let j be u(q). Let n be 114/10 + 4/(-10). What is the greatest common divisor of n and j?
11
Let b be (-3)/6 + 86/(-4). Let f = b - -36. Let d(q) = 3*q**3 - 3*q**2 + 4*q - 6. Let w be d(4). What is the highest common factor of f and w?
14
Suppose -7*m + 45 = -39. What is the greatest common divisor of m and 18?
6
Let v(p) = p**3 - 5*p**2 + 3*p - 19. Let n be v(6). Calculate the greatest common divisor of n and 5.
5
Let i(v) = 11*v - 14. Let a be i(10). Let b(c) = c**2 - 6*c - 4. Let r be b(8). What is the greatest common divisor of a and r?
12
Let d be 21 + (3 - -3) + -2 + -1. Calculate the greatest common divisor of 6 and d.
6
Let l be (-56)/(-2)*(-18)/(-8). Suppose -5*j = -l - 87. What is the highest common divisor of 10 and j?
10
Let v(c) = 7*c + 3. Let z be v(11). Let o = 4 - -6. Calculate the greatest common divisor of o and z.
10
Let g be 32 - (-2 - (-5 + 0)). Let j = -16 + g. What is the highest common divisor of 78 and j?
13
Let r = 4 + 3. Suppose -5*y - 2*o + 28 = -y, 2*o + r = 3*y. What is the highest common divisor of 25 and y?
5
Suppose 0*k - 6 = -j - 5*k, -5*j + 4*k + 59 = 0. Let x(d) = 35*d - 6. Let a be x(3). Calculate the highest common divisor of j and a.
11
Suppose 0 = 2*n - 5*k - 62, -k + 102 = 2*n + 2*n. Let w = -16 + n. Calculate the greatest common factor of 90 and w.
10
Let g(i) = -i**2 - 11*i - 5. Let x = -6 + -1. Let v be g(x). Let y be (3 + 51/6)*8. What is the greatest common divisor of v and y?
23
Let z be 7*(-6)/((-6)/23). Suppose 37 + 9 = 2*v - 5*b, -3*v - 4*b + 69 = 0. Calculate the greatest common factor of v and z.
23
Let n be -3*(-3)/12*-12. Let q = -4 - n. What is the highest common divisor of 45 and q?
5
Suppose -5*t + 27 = i, 5*t - 63 = -3*i - i. Let m be 3/12 - (-45)/i. Let o be 15/(-1 - (-15)/6). What is the greatest common factor of m and o?
2
Suppose -4*h - 14 - 22 = 0. Let j be ((-162)/(-4))/(h/(-18)). What is the greatest common divisor of 9 and j?
9
Let f = -72 - -102. What is the highest common factor of f and 15?
15
Let t be (-128)/80*(1 - 21). Calculate the greatest common divisor of 8 and t.
8
Suppose u + 4*u - 20 = 0. Suppose u*l - 64 = -0*l. Suppose -g - 3*g = -l. What is the greatest common divisor of g and 12?
4
Let r(y) = y**2 - 5*y + 9. Let g be r(6). Let p be 81/g + 2/(-5). Calculate the greatest common divisor of 55 and p.
5
Suppose -5*o + 14 = -2*o + 5*w, -5*w = -o - 2. What is the highest common factor of 3 and o?
3
Let x(o) = o**3 + 10*o**2 + 2*o. Let i be x(-6). Calculate the greatest common divisor of i and 12.
12
Let s(t) = t**3 - t**2 - t - 50. Let d be s(0). Let x be (-34)/(-5) - 10/d. What is the highest common factor of 49 and x?
7
Let b = 201 - 116. Let d = 20 + b. What is the highest common factor of d and 15?
15
Suppose -27 = u - 3. Suppose -3*t + 20 = -2*g - 3, -3*g - 22 = -2*t. Let k be g*-2*(-45)/u. Calculate the greatest common factor of k and 3.
3
Let j(b) = b**3 - 11*b**2 + b - 5. Let c be j(11). What is the greatest common factor of 54 and c?
6
Let g(l) = 6*l - 1. Let r be g(1). Let n(h) = -h**2 + 7*h - 7. Let f be n(r). Let j be (-2)/f + 88/6. What is the greatest common factor of 21 and j?
7
Let p be -18*(-3 - 5/(-2)). Calculate the greatest common factor of 72 and p.
9
Let g = 78 - 67. Calculate the greatest common factor of g and 121.
11
Let k(m) = -2*m**2 - 14*m + 1. Let a be k(-7). What is the highest common divisor of a and 14?
1
Suppose -23 - 9 = -2*o. What is the greatest common